**2 - 13*i + 22. Give y(2).
0
Let n(u) = 7*u + 215. Determine n(-16).
103
Let m(v) = 19*v**3 - 2*v**2 + 79*v + 82. Give m(-1).
-18
Let b(t) = t**2 + 37*t + 22. Give b(-36).
-14
Let n(p) = -p**2 + 100*p + 878. Determine n(-8).
14
Let q(h) = -h**2 - 21*h + 854. Determine q(-40).
94
Let s(n) = -6*n**2 + 37*n + 249. Calculate s(-4).
5
Let z(b) = -57*b**2 - 41*b + 1. Determine z(-1).
-15
Let i(s) = -8*s - 436. What is i(-55)?
4
Let n(p) = -3*p**2 - 82*p - 71. Give n(-25).
104
Let z(t) = t**2 + 7*t - 24. Determine z(-10).
6
Let b(c) = 49*c + 353. Give b(-7).
10
Let j(q) = -372*q - 20081. Give j(-54).
7
Let w(m) = 5*m**3 - 111*m**2 + 22*m - 17. Determine w(22).
-17
Let r(z) = -11*z + 548. Determine r(16).
372
Let n(r) = -r**2 + 26*r - 152. Give n(10).
8
Let d(o) = -95*o + 753. Calculate d(8).
-7
Let q(r) = -2*r**3 + 32*r**2 + 11*r - 117. Give q(16).
59
Let y(m) = 14*m**2 - 321*m - 57. What is y(23)?
-34
Let u(s) = -3*s**2 + 40*s - 240. Give u(15).
-315
Let t(q) = -248*q - 2239. What is t(-9)?
-7
Let t(c) = -19*c + 201. Determine t(36).
-483
Let k(j) = -2*j**2 - 7*j - 37. Determine k(-12).
-241
Let f(a) = 11*a**3 - 240*a**2 - 38*a - 18. What is f(22)?
114
Let o(d) = 91*d - 171. Calculate o(3).
102
Let r(c) = c**3 - 28*c**2 - 61*c + 58. What is r(30)?
28
Let s(r) = -199*r - 981. Determine s(-5).
14
Let t(x) = -x**2 + 59*x + 14. What is t(7)?
378
Let o(p) = -23*p + 1066. Give o(47).
-15
Let i(n) = 107*n - 641. What is i(6)?
1
Let s(z) = z**3 + 6*z**2 + 23*z + 25. Calculate s(-5).
-65
Let s(b) = -25*b + 2191. Give s(88).
-9
Let q(s) = -11*s**3 - 60*s + 62. Calculate q(1).
-9
Let m(t) = -64*t + 3422. What is m(50)?
222
Let k(m) = -1447*m + 43407. Calculate k(30).
-3
Let j(u) = -14*u - 124. What is j(-13)?
58
Let i(n) = -n**2 + 5*n - 26. Calculate i(0).
-26
Let g(c) = 440*c + 5700. Calculate g(-13).
-20
Let r(n) = -3*n**3 - 7*n**2 + 31*n + 115. Give r(-4).
71
Let x(f) = 3*f**3 - 10*f**2 + 1219*f - 3641. Determine x(3).
7
Let j(v) = -3*v**3 - 61*v**2 - 207*v + 14. Give j(-16).
-2
Let q(n) = -76*n + 2920. Determine q(38).
32
Let x(u) = -u**3 - 5*u**2 - 20*u - 32. Determine x(-7).
206
Let l(u) = -u**2 + 19*u + 898. Give l(39).
118
Let o(r) = 20*r + 1395. Give o(-68).
35
Let c(t) = t**2 - 4*t - 5. Determine c(10).
55
Let u(f) = -11*f - 427. Give u(0).
-427
Let q(d) = -2*d**2 + 23*d + 82. Calculate q(29).
-933
Let r(v) = 132*v - 25. Calculate r(1).
107
Let w(f) = 15*f**2 - 93*f - 30. Determine w(6).
-48
Let y(i) = -30*i - 198. Calculate y(-7).
12
Let s(a) = -a**3 - 46*a**2 - 407*a + 15. Give s(-12).
3
Let n(w) = 2799*w - 2788. Give n(1).
11
Let h(d) = d**2 - 9*d - 76. What is h(19)?
114
Let d(l) = -l**3 + 147*l**2 - 250*l - 5807. Calculate d(145).
-7
Let v(t) = -t**3 - t**2 + 234*t + 887. Give v(-4).
-1
Let f(b) = -b**3 - 41*b**2 - 210*b - 14. Determine f(-35).
-14
Let k(y) = 28*y**3 - y**2 - 2*y + 10. Give k(-2).
-214
Let b(z) = z**2 - 51*z + 544. Give b(16).
-16
Let m(p) = -p**3 - 2*p**2 - p + 22. Calculate m(-5).
102
Let m(g) = -125*g + 88. What is m(1)?
-37
Let t(a) = -97*a - 784. Give t(-8).
-8
Let v(i) = 30*i**2 + 102*i - 249. Determine v(-5).
-9
Let o(r) = r**3 + 5*r**2 + r + 6. Give o(0).
6
Let n(w) = w**3 + 16*w**2 + 50*w + 16. Give n(-4).
8
Let m(g) = -2*g**3 + 88*g**2 - 81*g - 231. What is m(43)?
-16
Let w(d) = -62*d**2 + 16*d + 2. What is w(2)?
-214
Let s(n) = 165*n + 820. What is s(-5)?
-5
Let r(n) = n**3 + 57*n**2 + 52*n - 294. What is r(-56)?
-70
Let d(h) = 2*h**2 - 8*h - 2. Give d(6).
22
Let v(c) = c**3 + 2*c**2 + 2*c + 7. Give v(-2).
3
Let q(j) = j**3 - 12*j**2 + 49*j - 29. Calculate q(7).
69
Let m(x) = x**2 + 3*x - 24. Determine m(11).
130
Let v(c) = 180*c + 607. Determine v(-4).
-113
Let d(g) = -g**3 - 8*g**2 + 8*g + 17. Calculate d(-8).
-47
Let v(h) = 7*h**2 + 20*h - 84. Give v(-6).
48
Let z(n) = -14*n - 857. Calculate z(-69).
109
Let c(z) = 13*z - 465. Calculate c(36).
3
Let n(q) = -107*q - 466. Give n(-4).
-38
Let k(g) = -2*g**3 + 26*g**2 + 24*g + 38. Give k(14).
-18
Let z(p) = -32*p + 1053. What is z(43)?
-323
Let w(h) = 107*h - 4302. Give w(40).
-22
Let t(p) = 10*p + 223. Determine t(-18).
43
Let z(j) = -3*j**3 - 32*j**2 + 6*j - 47. Determine z(-11).
8
Let v(h) = -h**2 + 6*h - 207. What is v(11)?
-262
Let j(u) = u**3 - 9*u**2 + 38*u - 447. Calculate j(10).
33
Let o(m) = -m**3 - 5*m + 116. What is o(0)?
116
Let j(i) = -1625*i - 65007. Calculate j(-40).
-7
Let m(r) = -18*r - 828. Determine m(-46).
0
Let m(c) = -5*c**3 - 6*c**2 - 33*c - 34. Determine m(-1).
-2
Let g(o) = -76*o**2 - 11*o + 11. Determine g(1).
-76
Let r(a) = -283*a - 7921. Determine r(-28).
3
Let m(b) = 39*b**2 + 54*b + 63. Determine m(-2).
111
Let o(i) = 13*i**2 + 22*i - 24. Give o(-4).
96
Let g(y) = -3*y**2 + 30*y - 6. Calculate g(13).
-123
Let a(u) = -19*u**2 - 5*u - 9. Calculate a(-3).
-165
Let a(f) = f**3 - 24*f**2 + 39*f + 113. Give a(22).
3
Let r(y) = -13*y**2 + 112*y + 339. Give r(11).
-2
Let n(g) = 15*g**2 + 2*g - 37. Calculate n(2).
27
Let q(v) = -10*v + 343. What is q(34)?
3
Let v(a) = 12*a - 25. Calculate v(4).
23
Let r(j) = -17*j**2 - 1663*j + 205. What is r(-98)?
-89
Let p(z) = -z**2 - 67*z + 2203. Give p(-92).
-97
Let d(t) = -t**2 - 49*t + 582. Determine d(10).
-8
Let f(d) = -1547*d - 7736. Calculate f(-5).
-1
Let g(a) = 2*a**2 - 134*a + 777. What is g(66)?
645
Let h(j) = -3*j - 1. Give h(14).
-43
Let p(i) = 219*i + 1096. Determine p(-5).
1
Let n(p) = p**3 + 8*p**2 - 8*p - 138. Determine n(-9).
-147
Let p(c) = 5*c + 127. What is p(-17)?
42
Let n(q) = -2*q**3 - 31*q**2 + 11*q - 93. What is n(-16)?
-13
Let m(k) = -36*k**2 + 274*k + 107. Calculate m(8).
-5
Let v(y) = -y**3 - 131*y**2 - 2486*y - 192. Determine v(-108).
24
Let c(u) = -4*u**2 - 271*u + 61849. What is c(95)?
4
Let r(a) = -6*a**2 - 43*a + 475. Calculate r(-13).
20
Let h(g) = 2*g**2 - 116*g + 288. Give h(56).
64
Let z(j) = -12*j**3 - 132*j**2 + 2*j + 8. What is z(-11)?
-14
Let d(o) = 2*o**3 + 5*o**2 + 3*o - 8. Calculate d(-4).
-68
Let y(o) = 3069*o + 12270. Give y(-4).
-6
Let x(f) = -37*f - 707. Give x(-21).
70
Let b(j) = -j**2 - 52*j - 175. Determine b(-47).
60
Let s(q) = 3*q**2 + 609*q + 16419. Give s(-171).
3
Let o(v) = -v**3 + 28*v**2 - 155*v - 108. Give o(20).
-8
Let a(p) = -2*p**2 + 20*p + 43. Determine a(-8).
-245
Let q(c) = -c**3 - 20*c**2 - 35*c - 308. Determine q(-19).
-4
Let i(m) = -m**3 - 25*m**2 + 151*m - 3. What is i(5)?
2
Let h(k) = -62*k**2 - 49*k + 5. Give h(-1).
-8
Let b(k) = -32*k + 14. Calculate b(1).
-18
Let r(a) = 200*a**2 - 4*a - 4. What is r(-1)?
200
Let n(m) = m**3 - 6*m**2 - 28*m + 139. Determine n(7).
-8
Let t(b) = -5*b**3 - 9*b**2 + 8*b + 42. What is t(-3)?
72
Let h(j) = -2*j**3 + 12*j**2 + 6*j - 38. Calculate h(6).
-2
Let d(m) = -43*m - 656. Calculate d(-19).
161
Let n(l) = -l**2 - 4*l + 192. What is n(-10)?
132
Let g(s) = -2*s**2 - 204*s + 204. What is g(1)?
-2
Let q(g) = -g**2 + 11*g + 163. Calculate q(-20).
-457
Let x(c) = -26*c**2 - 7*c. What is x(-3)?
-213
Let f(k) = -1291*k - 7742. Determine f(-6).
4
Let j(z) = z**2 - 32*z - 366. What is j(-9)?
3
Let f(x) = 3*x**3 - 35*x**2 - 13*x + 8. Determine f(12).
-4
Let t(p) = -p**2 + 23*p - 46. Give t(19).
30
Let b(d) = 2*d**3 - 113*d**2 - 173*d - 28. Give b(58).
30
Let x(v) = v**3 + 14*v**2 + 40*v - 21. Give x(-11).
-98
Let u(x) = x**3 - 9*x**2 - 84*x - 15. Give u(15).
75
Let t(m) = 118*m**2 - 830*m + 11. Determine t(7).
-17
Let g(y) = 7*y**3 + 173*y**2 - 48*y + 25. Calculate g(-25).
-25
Let s(c) = -c**3 - 14*c**2 - 35*c - 273. Determine s(-13).
13
Let u(g) = -g**3 - 24*g**2 - 13*g + 45. Determine u(-24).
357
Let h(g) = -g**3 + 27*g**2 - 14*g + 377. Calculate h(27).
-1
Let s(g) = -g**3 - 45*g**2 - 53*g - 408. What is s(-44)?
-12
Let c(g) = g**3 - 4*g**2 - 45*g - 77. What is c(-4)?
-25
Let k(g) = -g**3 + 13*g**2 - 93*g + 427. Determine k(8).
3
Let w(y) = -3*y**2 - 21*y - 21. Determine w(-12).
-201
Let z(k) = -k**3 + 3*k**2 + 38*k - 33. Calculate z(-5).
-23
Let s(a) = a**2 - 58*a + 747. What is s(21)?
-30
Let m(q) = -27*q - 1910. Calculate m(-70).
-20
Let m(c) = c**2 + 12*c - 46. Give m(6).
62
Let q(u) = -106*u - 74. What is q(-2)?
138
Let a(r) = -2*r**2 + 34*r - 153. Determine a(6).
-21
Let c(d) = -2*d**2 + 44*d - 152. What is c(18)?
-8
Let a(f) = -f**2 + 7*f + 7. Calculate a(4).
19
Let z(v) = v**2 - 218*v + 8627. What is z